
What are the prime factors of 163689?
3, 54563
What are the prime factors of 387028?
2, 96757
List the prime factors of 207618.
2, 3, 34603
List the prime factors of 54791.
11, 17, 293
List the prime factors of 207756.
2, 3, 29, 199
What are the prime factors of 11487046?
2, 401, 14323
What are the prime factors of 4652488?
2, 71, 8191
List the prime factors of 3894090.
2, 3, 5, 129803
List the prime factors of 304270.
2, 5, 30427
What are the prime factors of 3045542?
2, 1522771
What are the prime factors of 17608278?
2, 3, 29, 101197
List the prime factors of 215162.
2, 107581
List the prime factors of 1526173.
11, 12613
What are the prime factors of 12989021?
103, 126107
What are the prime factors of 1477401?
3, 492467
List the prime factors of 29632750.
2, 5, 7, 41, 59
List the prime factors of 5664872.
2, 708109
List the prime factors of 53226.
2, 3, 2957
What are the prime factors of 1419709?
79, 17971
List the prime factors of 117317.
17, 67, 103
What are the prime factors of 249719?
29, 79, 109
What are the prime factors of 1065653?
19, 56087
List the prime factors of 129286.
2, 127, 509
What are the prime factors of 1690209?
3, 67, 2803
List the prime factors of 4836592.
2, 302287
List the prime factors of 135213.
3, 13, 3467
List the prime factors of 22113459.
3, 819017
What are the prime factors of 1515561?
3, 505187
List the prime factors of 450497.
109, 4133
What are the prime factors of 924902?
2, 11, 17, 2473
What are the prime factors of 258644?
2, 64661
List the prime factors of 111588.
2, 3, 17, 547
What are the prime factors of 184809?
3, 61603
List the prime factors of 317369.
13, 24413
List the prime factors of 3113238.
2, 3, 241, 2153
What are the prime factors of 6894749?
43, 160343
List the prime factors of 11856867.
3, 11, 359299
What are the prime factors of 4335600?
2, 3, 5, 3613
List the prime factors of 1001996.
2, 250499
List the prime factors of 8719867.
13, 313, 2143
What are the prime factors of 474403?
53, 8951
List the prime factors of 3631296.
2, 3, 18913
List the prime factors of 1434238.
2, 13, 55163
List the prime factors of 3652108.
2, 913027
List the prime factors of 3818666.
2, 1909333
List the prime factors of 7789326.
2, 3, 1298221
List the prime factors of 19830697.
43, 109, 4231
List the prime factors of 423605.
5, 7, 13, 19
List the prime factors of 1216131.
3, 7, 8273
What are the prime factors of 4669270?
2, 5, 173, 2699
What are the prime factors of 9809029?
9809029
List the prime factors of 2338003.
2338003
What are the prime factors of 374153?
13, 17, 1693
What are the prime factors of 400313?
400313
What are the prime factors of 631858?
2, 97, 3257
List the prime factors of 716151.
3, 23, 97, 107
What are the prime factors of 1227237?
3, 11, 37189
List the prime factors of 1157979.
3, 89, 4337
List the prime factors of 191605.
5, 38321
What are the prime factors of 235471?
83, 2837
List the prime factors of 1598295.
3, 5, 127, 839
List the prime factors of 698387.
698387
List the prime factors of 1034178.
2, 3, 17, 10139
List the prime factors of 2577313.
2577313
What are the prime factors of 10412419?
283, 36793
List the prime factors of 517656.
2, 3, 21569
List the prime factors of 1313353.
41, 103, 311
What are the prime factors of 516265?
5, 79, 1307
What are the prime factors of 35165838?
2, 3, 5860973
List the prime factors of 823553.
823553
List the prime factors of 16994926.
2, 13, 653651
What are the prime factors of 1190736?
2, 3, 8269
List the prime factors of 103028.
2, 43, 599
List the prime factors of 1802343.
3, 199, 3019
What are the prime factors of 4600?
2, 5, 23
List the prime factors of 22464846.
2, 3, 37, 89, 379
What are the prime factors of 11019876?
2, 3, 7, 17, 7717
List the prime factors of 6546917.
13, 503609
What are the prime factors of 7665350?
2, 5, 7, 11, 181
What are the prime factors of 2239499?
37, 60527
List the prime factors of 221378.
2, 71, 1559
List the prime factors of 953323.
7, 136189
List the prime factors of 3182432.
2, 11, 9041
List the prime factors of 19000846.
2, 107, 88789
List the prime factors of 2269707.
3, 11, 109, 631
List the prime factors of 1462822.
2, 269, 2719
What are the prime factors of 707205?
3, 5, 47147
What are the prime factors of 1922190?
2, 3, 5, 17, 3769
What are the prime factors of 31972611?
3, 11, 19, 50993
List the prime factors of 66077.
11, 6007
List the prime factors of 446943.
3, 7, 21283
What are the prime factors of 94344?
2, 3, 3931
List the prime factors of 966538.
2, 59, 8191
What are the prime factors of 305541?
3, 17, 1997
What are the prime factors of 37402291?
41, 912251
What are the prime factors of 174422?
2, 87211
List the prime factors of 259674.
2, 3, 113, 383
List the prime factors of 32100.
2, 3, 5, 107
List the prime factors of 107760.
2, 3, 5, 449
What are the prime factors of 326052?
2, 3, 3019
What are the prime factors of 125516?
2, 31379
What are the prime factors of 9807169?
1579, 6211
List the prime factors of 18137446.
2, 2819, 3217
What are the prime factors of 238555?
5, 47711
List the prime factors of 18427423.
7, 31, 84919
What are the prime factors of 7041053?
41, 171733
What are the prime factors of 2490543?
3, 11, 2287
List the prime factors of 303517.
257, 1181
List the prime factors of 10189402.
2, 41, 313, 397
What are the prime factors of 3421188?
2, 3, 29, 113
List the prime factors of 8020093.
233, 34421
List the prime factors of 10477914.
2, 3, 167, 10457
List the prime factors of 157125.
3, 5, 419
List the prime factors of 104844.
2, 3, 8737
What are the prime factors of 11291702?
2, 5645851
What are the prime factors of 1551787?
19, 23, 53, 67
List the prime factors of 3564615.
3, 5, 167, 1423
List the prime factors of 58239.
3, 719
What are the prime factors of 1033306?
2, 516653
What are the prime factors of 247685?
5, 49537
What are the prime factors of 735759?
3, 29, 2819
What are the prime factors of 218523?
3, 23, 3167
List the prime factors of 784349.
784349
What are the prime factors of 12074218?
2, 13, 23, 61, 331
List the prime factors of 447502.
2, 11, 20341
What are the prime factors of 4314783?
3, 11, 53, 2467
List the prime factors of 1528881.
3, 701, 727
What are the prime factors of 6897502?
2, 3448751
List the prime factors of 450868.
2, 11, 10247
List the prime factors of 940024.
2, 117503
List the prime factors of 23849704.
2, 509, 5857
What are the prime factors of 16502814?
2, 3, 37, 71, 349
What are the prime factors of 791613?
3, 29, 337
What are the prime factors of 238654?
2, 13, 67, 137
List the prime factors of 639205.
5, 7, 2609
What are the prime factors of 7546036?
2, 1886509
List the prime factors of 486903.
3, 109, 1489
List the prime factors of 1855776.
2, 3, 13, 1487
What are the prime factors of 1204089?
3, 71, 5653
List the prime factors of 408370.
2, 5, 97, 421
List the prime factors of 2901951.
3, 13, 17, 1459
List the prime factors of 3294038.
2, 11, 149729
What are the prime factors of 1985549?
17, 116797
What are the prime factors of 5212672?
2, 10181
What are the prime factors of 784959?
3, 7, 37379
What are the prime factors of 4162600?
2, 5, 13, 1601
List the prime factors of 4785040.
2, 5, 13, 43, 107
What are the prime factors of 6520454?
2, 23, 6163
List the prime factors of 113973.
3, 37991
List the prime factors of 210979.
23, 9173
List the prime factors of 33538.
2, 41, 409
List the prime factors of 1771354.
2, 13, 193, 353
What are the prime factors of 299978?
2, 7, 3061
What are the prime factors of 374075?
5, 13, 1151
List the prime factors of 6024239.
13, 17, 27259
List the prime factors of 1623969.
3, 41, 163
What are the prime factors of 2204695?
5, 440939
List the prime factors of 312341.
17, 19, 967
List the prime factors of 15308725.
5, 612349
What are the prime factors of 942269?
942269
List the prime factors of 224344.
2, 29, 967
List the prime factors of 5130795.
3, 5, 401, 853
List the prime factors of 622079.
19, 29, 1129
What are the prime factors of 22010?
2, 5, 31, 71
List the prime factors of 1679916.
2, 3, 7, 2857
List the prime factors of 1053451.
7, 21499
List the prime factors of 9253734.
2, 3, 7, 220327
List the prime factors of 355886.
2, 177943
List the prime factors of 184839.
3, 61613
List th